w - 3. Let l(p) = 30*p**2 + p + 1. Let j = 8 - 9. Calculate the remainder when o(6) is divided by l(j).
27
Let p(f) = f**2 - 33*f + 83. Calculate the remainder when 76 is divided by p(31).
13
Let m = -390 + 418. What is the remainder when m is divided by 15?
13
Suppose -5579 = -104*u - 795. Let p(o) = -o**2 + o + 2. Let q be p(0). Suppose q*l = 42 - 10. What is the remainder when u is divided by l?
14
Suppose -4*g = y - 27, -g + 5*g = y - 35. Calculate the remainder when 20 is divided by (-14)/(-21) + y/3.
9
Let g = 236 - 76. Let i(c) = c**3 - c**2 - 11*c + 3. Let t be i(5). Suppose -g = -3*j - r, j = 2*j - r - t. Calculate the remainder when j is divided by 27.
25
Let g = -72 - -179. Suppose 0 = 3*x - 2*x - 37. Calculate the remainder when g is divided by x.
33
Suppose -6*z + 1559 = -3115. What is the remainder when z is divided by 13?
12
Let k(f) = 2*f**2 + 121*f - 292. Let x(o) = -2*o + 7. Let j be x(-7). Let v = j + -13. Calculate the remainder when k(-63) is divided by v.
7
Let x(z) = 2*z - 2. Let y = 4 + 0. Let n(g) = g**3 - 2*g**2 - 4*g - 2. What is the remainder when n(y) is divided by x(3)?
2
Suppose -q + 3*q = -k - 157, -3*q + k - 228 = 0. What is the remainder when ((-4)/((-84)/q))/(1/(-6)) is divided by 8?
6
Suppose 5*z = -4*d + 8, 4*z - 4*d - 25 = -d. What is the remainder when 15 is divided by z?
3
Suppose -b - l - 160 = -2*b, 0 = -2*b + 4*l + 326. Calculate the remainder when b is divided by 10.
7
Let v = 380 + -343. What is the remainder when v is divided by 17?
3
Let n = -22 + 28. Suppose 3*m = -n*m + 153. What is the remainder when 66 is divided by m?
15
Let u(z) = z**2 + 8*z + 4. Let n be (-5)/2*12/(-10). Suppose 0*t - 69 = -n*t. Calculate the remainder when t is divided by u(-9).
10
Let n(t) = t**3 - 2*t**2 - 12*t + 2. Suppose 0*p - 59 = -2*p - 3*k, -5*p = 4*k - 151. Calculate the remainder when p is divided by n(5).
14
Let f(m) = -10 - 20*m**2 + 5*m - 18*m**2 + 39*m**2 - 17. What is the remainder when f(9) is divided by (-1)/(-2) + (-134)/(-4)?
31
Let z(q) = q**3 + 6*q**2 - 13*q - 18. Let t be z(-7). Suppose 4*n = n + y + t, 4*n = -5*y + 13. Let o = 24 - 6. What is the remainder when o is divided by n?
4
Let v be 2 + -5 - -2*8/2. Suppose -v*c - 5*r = -4 - 1, 3*c - 15 = 3*r. What is the remainder when 11 is divided by c?
2
Let p(z) = z**3 - 3*z**2 - 8*z + 4. Calculate the remainder when 7 + 50 + (-4 - 0) is divided by p(5).
11
Let b(y) = y**2 + 9*y + 23. Let v be b(-5). Calculate the remainder when 62 is divided by 27 + (1 - v) + -4.
20
Suppose -6*c + 59 = 5. Suppose 0 = -m - 4*o + c, -3 + 0 = 3*o. Calculate the remainder when m is divided by 11.
2
Suppose 3*y + 339 = 369. What is the remainder when 93 is divided by y?
3
Let c = 163 + -146. Let n = 0 - 1. What is the remainder when n/(-3)*(-6 - -207) is divided by c?
16
Suppose z = 12 - 10. Suppose 2*u + z - 128 = 0. Calculate the remainder when u is divided by 23.
17
Let m(j) = j**2 + 6*j - 32. Let p = -27 + 41. What is the remainder when p is divided by m(-10)?
6
Let v(j) = 17*j - 23*j + 57*j + 1. Calculate the remainder when v(1) is divided by 19.
14
Let n(h) = -2*h**3 + 26*h**2 + 8*h - 50. What is the remainder when n(13) is divided by 12?
6
Let a be (2/2)/(2/10). Let l = a - 2. Suppose -30*w = 53*w - 747. Calculate the remainder when w is divided by l.
0
Let v(p) = p - 1. Let n(r) = 3*r**2 + 7*r + 15. Let q(w) = n(w) + 3*v(w). What is the remainder when q(-7) is divided by (0 + -1)/(2/(-30))?
14
Suppose -3*h = -a + 4, 0*h - 2*h + 2*a = -4. Let p be (h/(6/80))/(-1). Suppose -3*l = l - p. Calculate the remainder when l is divided by 4.
2
Suppose -60 = 4*g + 112. Let k = g + 55. What is the remainder when k is divided by 8?
4
Suppose 20*w - 4653 = -333. Calculate the remainder when w is divided by 45.
36
Let c(a) = -84*a + 774. Calculate the remainder when c(5) is divided by 112.
18
Let y = 111 - 175. Let a(v) = 13*v**3 + v**2 + 2*v + 3. Let r be a(-2). Let g = y - r. Calculate the remainder when g is divided by 13.
11
Let f be (2 - -19)*(-5 - (3 + -9)). Let t = -23 + 41. What is the remainder when (-14)/(-49) - (-1002)/f is divided by t?
12
Suppose -5*o + 2*r = -9*o + 536, 2*o = 5*r + 268. Calculate the remainder when o is divided by 37.
23
Let k(c) = 2*c**2. Let o be k(0). Suppose 0 = 5*f - o*f - 50. Calculate the remainder when 13 is divided by f.
3
Let b(t) = -49 + 7*t**2 + 13 + t**3 + 14 - 13*t. Calculate the remainder when 53 is divided by b(-8).
17
Calculate the remainder when (-52)/(-4 - -3 - -5 - 5) is divided by 47.
5
Suppose 0*o = o - 4. Suppose 5*m + 3*w - 28 = 0, -4*m + 57 = -2*w + 17. Suppose 0 = 2*v - o*v + m. What is the remainder when v is divided by 3?
1
Let s(b) = -7*b - 212. Calculate the remainder when 161 is divided by s(-39).
39
Suppose 252 = -6*x + 15*x. Calculate the remainder when 59 is divided by x.
3
Suppose -316 + 40 = -5*s + 2*o, 3*s = 2*o + 164. Calculate the remainder when s is divided by (-2 - (1 - 3)) + 22.
12
Let q be -1 - (-4)/8*22. Suppose n - q = 14. Calculate the remainder when n is divided by (-2)/((-38)/90 + (-3)/(-15)).
6
Let f = -457 - -511. What is the remainder when f is divided by 7?
5
Suppose 2*p = 6*p + 104. Let u(f) = 5*f + 3. What is the remainder when u(7) is divided by -4*(p/4 - -4)?
8
Let t = -96 - -135. Suppose 2*c = 3*n - 212, 7*c = -n + 2*c + 48. What is the remainder when n is divided by (-1)/(-4) - t/12 - -21?
14
Suppose 45*x = 3680 - 1295. Calculate the remainder when x is divided by 19.
15
Suppose -2*r = -3*a - 31, -3*a = -2*r - a + 32. Suppose -42 = -7*n - 7*n. What is the remainder when r is divided by (n + -4)/((9/(-30))/3)?
7
Let f(p) = p**3 + 33*p**2 + 59*p - 52. What is the remainder when 696 is divided by f(-31)?
40
Let l(c) = 53*c**3 - c**2 + 3*c - 2. Let i(j) = 1 + 3 - 5*j + 6*j. What is the remainder when l(1) is divided by i(7)?
9
Let i = -92 + 106. What is the remainder when 63 is divided by i?
7
Let u be 5/(-5) - 12/3. Let a be 0/(-1) + (-345)/u. Suppose a = 5*h + 9. Calculate the remainder when h is divided by 8.
4
Let v = 8 + -5. Suppose -v = t + 11. Let n = 12 - t. Calculate the remainder when 102 is divided by n.
24
Let s(r) = 0 - 1 + 4 - 20*r. Suppose 0 - 1 = d. What is the remainder when 89 is divided by s(d)?
20
Let w = 9 - 5. Suppose -2*q - l = -5*l - 14, 8 = w*q + 2*l. Suppose 5*a - q*a = 12. What is the remainder when 22 is divided by a?
4
Suppose -2*g - 2*l = 8, -g - 5*l - 20 = -5*g. Let n(p) = -p + 14. What is the remainder when (-165)/55 - (0 + 29/(-1)) is divided by n(g)?
12
Let g(b) = -b**3 - 3*b**2 + 5*b + 9. Let u be g(-4). Suppose -u*m + 47 + 68 = 0. What is the remainder when m is divided by 13?
10
Let l(m) = -4*m - 6. Suppose r + 15 = 10. Let n be l(r). Let z = n - 3. Calculate the remainder when 19 is divided by z.
8
Let v(k) = -k - 7. Let j be v(-9). Suppose -j*q - 4*z + 210 + 30 = 0, 4*z + 90 = q. Let i = q + -71. What is the remainder when i is divided by 14?
11
What is the remainder when 34 is divided by (-9)/(-27) + 69/9?
2
Let y(z) = -z + 13. Let r = 29 + 13. What is the remainder when r is divided by y(-11)?
18
Let s(y) = -37*y**3 + y**2. Let j be s(-1). Suppose -8 = -2*h + j. What is the remainder when h is divided by 12?
11
Let w(k) = k**2 - 6*k + 2. Let u be w(2). Let i(x) = -x**3 - 4*x**2 + 5*x - 4. Calculate the remainder when i(u) is divided by 15.
8
Let w(r) = -r**2 + 15*r - 13. Let k(v) = -v**2 + 14*v - 14. Let m(a) = -4*k(a) + 5*w(a). What is the remainder when m(18) is divided by 6?
3
Let s(p) = -p**3 + 12*p**2 - 23*p + 28. What is the remainder when 100 is divided by s(9)?
36
Let x = 36 + -21. Suppose -12936 = -54*z - 34*z. What is the remainder when z is divided by x?
12
Suppose -12663 = -52*r + 36633. What is the remainder when r is divided by 136?
132
Suppose -3853 = 14*b - 80*b + 173. Suppose 3*f - 13 = -124. Let s = f - -53. Calculate the remainder when b is divided by s.
13
Suppose -12*r + l + 18 = -11*r, 3*r - 34 = -2*l. What is the remainder when 96 is divided by r?
12
Suppose -10*u + 52 = -1138. Let s = 68 - 37. Calculate the remainder when u is divided by s.
26
Suppose -2*n + 108 = -4*m, 3*n - 5*m = -0*n + 167. Suppose n = 2*v + 14. Let b = 2 + v. Calculate the remainder when b is divided by 7.
6
Suppose 43*j = 34*j + 270. Calculate the remainder 